{"id":421,"date":"2018-01-22T21:57:21","date_gmt":"2018-01-22T20:57:21","guid":{"rendered":"http:\/\/www.motoclubdegoult.fr\/?page_id=421"},"modified":"2018-04-05T13:34:59","modified_gmt":"2018-04-05T12:34:59","slug":"presentation","status":"publish","type":"page","link":"http:\/\/www.motoclubdegoult.fr\/?page_id=421","title":{"rendered":"PRESENTATION"},"content":{"rendered":"<p>&nbsp;<\/p>\n<p><strong><span style=\"color: #dd8500;\"><span style=\"color: #ff6600;\">UN PEU D&rsquo;HISTOIRE &#8230;<\/span><br \/>\n<\/span><\/strong><\/p>\n<p align=\"justify\"><span style=\"font-size: medium;\">Un groupe de coll\u00e8gues quadeurs avec la complicit\u00e9 d&rsquo;un ancien pilote de motocross ont contribu\u00e9 \u00e0 la cr\u00e9ation de la Section Randonn\u00e9e Quads du Moto Club de Goult apr\u00e8s avoir obtenu le consentement du Pr\u00e9sident et du bureau de l&rsquo;a<\/span><span style=\"font-size: medium;\">ssociation. <\/span><\/p>\n<p align=\"justify\"><span style=\"font-size: medium;\">La Section Randonn\u00e9e Quads a \u00e9t\u00e9 mise en place au cours de l&rsquo;ann\u00e9e 2006. Depuis cette date, elle organise des randonn\u00e9es sous la forme d&rsquo;un petit groupe de 5 \u00e0 10 quads.<\/span><\/p>\n<table class=\" aligncenter\" style=\"width: 800px; height: 300px; background-color: #ededed; border-color: #ffffff;\" border=\"0\" cellspacing=\"0\" cellpadding=\"0\">\n<tbody>\n<tr>\n<td style=\"width: 408.75px;\"><a href=\"http:\/\/www.motoclubdegoult.fr\/wp-content\/uploads\/2018\/02\/Photos-Scan-M-C-G-134.jpg\"><img loading=\"lazy\" decoding=\"async\" class=\"aligncenter size-medium wp-image-673\" src=\"http:\/\/www.motoclubdegoult.fr\/wp-content\/uploads\/2018\/02\/Photos-Scan-M-C-G-134-300x199.jpg\" alt=\"\" width=\"300\" height=\"199\" srcset=\"http:\/\/www.motoclubdegoult.fr\/wp-content\/uploads\/2018\/02\/Photos-Scan-M-C-G-134-300x199.jpg 300w, http:\/\/www.motoclubdegoult.fr\/wp-content\/uploads\/2018\/02\/Photos-Scan-M-C-G-134-768x508.jpg 768w, http:\/\/www.motoclubdegoult.fr\/wp-content\/uploads\/2018\/02\/Photos-Scan-M-C-G-134-1024x678.jpg 1024w\" sizes=\"auto, (max-width: 300px) 100vw, 300px\" \/><\/a><\/td>\n<td style=\"width: 392.25px;\"><a href=\"http:\/\/www.motoclubdegoult.fr\/wp-content\/uploads\/2018\/02\/Photos-Scan-M-C-G-214.jpg\"><img loading=\"lazy\" decoding=\"async\" class=\"aligncenter size-medium wp-image-674\" src=\"http:\/\/www.motoclubdegoult.fr\/wp-content\/uploads\/2018\/02\/Photos-Scan-M-C-G-214-300x203.jpg\" alt=\"\" width=\"300\" height=\"203\" srcset=\"http:\/\/www.motoclubdegoult.fr\/wp-content\/uploads\/2018\/02\/Photos-Scan-M-C-G-214-300x203.jpg 300w, http:\/\/www.motoclubdegoult.fr\/wp-content\/uploads\/2018\/02\/Photos-Scan-M-C-G-214-768x519.jpg 768w, http:\/\/www.motoclubdegoult.fr\/wp-content\/uploads\/2018\/02\/Photos-Scan-M-C-G-214-1024x692.jpg 1024w, http:\/\/www.motoclubdegoult.fr\/wp-content\/uploads\/2018\/02\/Photos-Scan-M-C-G-214.jpg 2039w\" sizes=\"auto, (max-width: 300px) 100vw, 300px\" \/><\/a><\/td>\n<\/tr>\n<tr>\n<td style=\"width: 408.75px;\" colspan=\"2\"><span style=\"font-size: 10pt;\"><em>En reconnaissance, de 2004 \u00e0 2006 un groupe de coll\u00e8gues ont parcouru des milliers de kilom\u00e8tres sur les chemins des Monts de Vaucluse et dans d&rsquo;autres d\u00e9partements de France.<\/em><\/span><\/td>\n<\/tr>\n<\/tbody>\n<\/table>\n<p align=\"justify\"><span style=\"color: #ff6600;\"><strong>\u00a0<\/strong><\/span><\/p>\n<p align=\"justify\"><span style=\"color: #ff6600;\"><strong>LES SORTIES QUADS<\/strong><\/span><\/p>\n<p align=\"justify\"><span style=\"font-size: medium;\">L&rsquo;acc\u00e8s aux randonn\u00e9es est r\u00e9serv\u00e9 uniquement aux membres du Moto Club \u00e0 jour de leur cotisation. <strong>Le membre doit poss\u00e9der un quad de randonn\u00e9e homologu\u00e9<\/strong>.<\/span><\/p>\n<p align=\"justify\"><span style=\"font-size: medium; color: #ff6600;\"><strong>La randonn\u00e9e en quad est aussi un loisir accessible aux personnes \u00e0 mobilit\u00e9 r\u00e9duite. Il s&rsquo;agit d&rsquo;un moyen de d\u00e9placement qui permet \u00e0 ces personnes de d\u00e9couvrir des endroits de la nature o\u00f9 jusque l\u00e0 ils n&rsquo;avaient pas acc\u00e8s&#8230;<\/strong> <\/span><\/p>\n<p align=\"justify\"><span style=\"font-size: medium;\">Les balades se font dans le plus grand respect de la nature et des personnes rencontr\u00e9es. Les sorties empruntent les routes, les pistes et les chemins de montagne ouverts \u00e0 la circulation principalement dans les Monts du Vaucluse et les d\u00e9partements limitrophes. La section organise \u00e9galement quelques randonn\u00e9es dans d&rsquo;autres d\u00e9partements en France. <\/span><\/p>\n<table class=\" aligncenter\" style=\"width: 800px; height: 250px; background-color: #ededed; border-color: #ffffff;\" border=\"0\" cellspacing=\"0\" cellpadding=\"0\">\n<tbody>\n<tr>\n<td style=\"width: 408.75px;\"><a href=\"http:\/\/www.motoclubdegoult.fr\/wp-content\/uploads\/2018\/02\/DSC02023.jpg\"><img loading=\"lazy\" decoding=\"async\" class=\"size-medium wp-image-671 aligncenter\" src=\"http:\/\/www.motoclubdegoult.fr\/wp-content\/uploads\/2018\/02\/DSC02023-300x225.jpg\" alt=\"\" width=\"300\" height=\"225\" srcset=\"http:\/\/www.motoclubdegoult.fr\/wp-content\/uploads\/2018\/02\/DSC02023-300x225.jpg 300w, http:\/\/www.motoclubdegoult.fr\/wp-content\/uploads\/2018\/02\/DSC02023-768x576.jpg 768w, http:\/\/www.motoclubdegoult.fr\/wp-content\/uploads\/2018\/02\/DSC02023-1024x768.jpg 1024w, http:\/\/www.motoclubdegoult.fr\/wp-content\/uploads\/2018\/02\/DSC02023.jpg 2048w\" sizes=\"auto, (max-width: 300px) 100vw, 300px\" \/><\/a><\/td>\n<td style=\"width: 392.25px;\"><a href=\"http:\/\/www.motoclubdegoult.fr\/wp-content\/uploads\/2018\/02\/IMGP0567.jpg\"><img loading=\"lazy\" decoding=\"async\" class=\"aligncenter size-medium wp-image-672\" src=\"http:\/\/www.motoclubdegoult.fr\/wp-content\/uploads\/2018\/02\/IMGP0567-300x225.jpg\" alt=\"\" width=\"300\" height=\"225\" srcset=\"http:\/\/www.motoclubdegoult.fr\/wp-content\/uploads\/2018\/02\/IMGP0567-300x225.jpg 300w, http:\/\/www.motoclubdegoult.fr\/wp-content\/uploads\/2018\/02\/IMGP0567-768x576.jpg 768w, http:\/\/www.motoclubdegoult.fr\/wp-content\/uploads\/2018\/02\/IMGP0567-1024x768.jpg 1024w\" sizes=\"auto, (max-width: 300px) 100vw, 300px\" \/><\/a><\/td>\n<\/tr>\n<\/tbody>\n<\/table>\n<p align=\"justify\"><span style=\"color: #ff6600;\"><strong>\u00a0<\/strong><\/span><\/p>\n<p align=\"justify\"><span style=\"color: #ff6600;\"><strong>LES ACTIONS ASSOCIATIVES ET SOLIDAIRES<br \/>\n<\/strong><\/span><\/p>\n<p align=\"justify\"><span style=\"font-size: medium;\">La Section Randonn\u00e9e Quads participe \u00e0 l&rsquo;organisation des comp\u00e9titions sportives du Moto Club notamment l&rsquo;Endurance Tout Terrain. Les randonneurs quads viennent en assistance aux pilotes mais sont \u00e9galement en charge des acc\u00e8s et transport des secouristes pour un bon d\u00e9roulement de la course.<\/span><\/p>\n<p align=\"justify\"><span style=\"font-size: medium;\">La Section Randonn\u00e9e Quads est aussi solidaire d&rsquo;autres associations. Elle apporte son soutient :<\/span><\/p>\n<ul>\n<li><span style=\"font-size: medium;\">Aux <strong>Chevaliers de l&rsquo;Onde<\/strong> pour le nettoyage des Sorgues ou de la Nesque, <\/span><\/li>\n<li><span style=\"font-size: medium;\">Aux journ\u00e9es d&rsquo;entretien des chemins avec le <strong>CODEVER<\/strong>, <\/span><\/li>\n<li><span style=\"font-size: medium;\">A la <strong>Journ\u00e9e de la For\u00eat du Mont Ventoux<\/strong>, <\/span><\/li>\n<li><span style=\"font-size: medium;\">Aux randonn\u00e9es avec les <strong>Cadets de la R\u00e9sistance de Gordes<\/strong> sur les chemins de m\u00e9moire du maquis de Gordes, <\/span><\/li>\n<li><span style=\"font-size: medium;\">Aux randonn\u00e9es au profit de l&rsquo;AFM dans le cadre du <strong>TELETHON<\/strong>.<\/span><\/li>\n<\/ul>\n<p><a href=\"http:\/\/www.motoclubdegoult.fr\/wp-content\/uploads\/2018\/01\/P1010076.jpg\"><img loading=\"lazy\" decoding=\"async\" class=\"size-large wp-image-383 aligncenter\" src=\"http:\/\/www.motoclubdegoult.fr\/wp-content\/uploads\/2018\/01\/P1010076-1024x683.jpg\" alt=\"\" width=\"800\" height=\"534\" srcset=\"http:\/\/www.motoclubdegoult.fr\/wp-content\/uploads\/2018\/01\/P1010076-1024x683.jpg 1024w, http:\/\/www.motoclubdegoult.fr\/wp-content\/uploads\/2018\/01\/P1010076-300x200.jpg 300w, http:\/\/www.motoclubdegoult.fr\/wp-content\/uploads\/2018\/01\/P1010076-768x512.jpg 768w\" sizes=\"auto, (max-width: 800px) 100vw, 800px\" \/><\/a><\/p>\n<p>&nbsp;<\/p>\n<p><span style=\"color: #ff6600;\"><strong>COMMENT REJOINDRE LA SECTION RANDONN\u00c9E QUADS<\/strong><\/span><\/p>\n<p align=\"justify\"><span style=\"font-size: medium;\">Dans un premier temps, adressez vous \u00e0 un responsable de la Section Randonn\u00e9e Quads. Votre candidature sera ensuite soumise aux dirigeants de la section.<\/span><\/p>\n<p align=\"justify\"><span style=\"font-size: medium;\">Une fois votre candidature accept\u00e9e, vous devrez remplir un bulletin d&rsquo;inscription, signer la charte de bonne conduite et une d\u00e9charge de responsabilit\u00e9 puis fournir certaines pi\u00e8ces administratives : copie de votre carte d&rsquo;identit\u00e9, copie de votre permis de conduire,\u00a0 copie de la carte grise de votre quad, copie de la carte verte d&rsquo;assurance. <\/span><\/p>\n<p align=\"justify\"><span style=\"font-size: medium;\">En parall\u00e8le, vous devrez vous acquitter des cotisations pour la carte d&rsquo;adh\u00e9sion au Moto Club de Goult.<\/span><\/p>\n<p align=\"justify\"><span style=\"font-size: medium;\">Apr\u00e8s avoir rempli toutes ces formalit\u00e9s, vous pourrez participer aux sorties et serez sollicit\u00e9 pour participer \u00e0 des actions men\u00e9es en collaboration avec d&rsquo;autres associations.<\/span><\/p>\n<p align=\"justify\"><span style=\"font-size: medium;\"><strong>Pour plus de renseignements ou rejoindre la Section Randonn\u00e9e Quads, contacter ou adresser votre demande de candidature \u00e0\u00a0:<\/strong><\/span><\/p>\n<p style=\"text-align: center;\" align=\"justify\"><span style=\"font-size: medium;\"><strong><span style=\"color: #ff6600;\">Ariel ARNAUD \u2013 <a style=\"color: #ff6600;\" href=\"mailto:ariel.arnaud@orange.fr\">ariel.arnaud@orange.fr<\/a> \u2013 Portable: 06.85.43.10.88<\/span><\/strong><\/span><\/p>\n<p style=\"text-align: center;\" align=\"justify\"><span style=\"font-size: medium;\"><strong><span style=\"color: #ff6600;\">Ren\u00e9 COLOU \u2013 <a style=\"color: #ff6600;\" href=\"mailto:reni.colou@orange.fr\">reni.colou@orange.fr<\/a> <\/span><\/strong><\/span><\/p>\n<p><a href=\"http:\/\/www.motoclubdegoult.fr\/wp-content\/uploads\/2018\/01\/Codever.jpg\"><img loading=\"lazy\" decoding=\"async\" class=\"aligncenter wp-image-443 size-medium\" src=\"http:\/\/www.motoclubdegoult.fr\/wp-content\/uploads\/2018\/01\/Codever-300x176.jpg\" alt=\"\" width=\"300\" height=\"176\" srcset=\"http:\/\/www.motoclubdegoult.fr\/wp-content\/uploads\/2018\/01\/Codever-300x176.jpg 300w, http:\/\/www.motoclubdegoult.fr\/wp-content\/uploads\/2018\/01\/Codever-768x450.jpg 768w, http:\/\/www.motoclubdegoult.fr\/wp-content\/uploads\/2018\/01\/Codever-1024x599.jpg 1024w, http:\/\/www.motoclubdegoult.fr\/wp-content\/uploads\/2018\/01\/Codever.jpg 1083w\" sizes=\"auto, (max-width: 300px) 100vw, 300px\" \/><\/a><\/p>\n","protected":false},"excerpt":{"rendered":"<p>&nbsp; UN PEU D&rsquo;HISTOIRE &#8230; Un groupe de coll\u00e8gues quadeurs avec la complicit\u00e9 d&rsquo;un ancien pilote de motocross ont contribu\u00e9<\/p>\n","protected":false},"author":1,"featured_media":0,"parent":0,"menu_order":0,"comment_status":"closed","ping_status":"closed","template":"","meta":{"footnotes":""},"class_list":["post-421","page","type-page","status-publish","hentry"],"_links":{"self":[{"href":"http:\/\/www.motoclubdegoult.fr\/index.php?rest_route=\/wp\/v2\/pages\/421","targetHints":{"allow":["GET"]}}],"collection":[{"href":"http:\/\/www.motoclubdegoult.fr\/index.php?rest_route=\/wp\/v2\/pages"}],"about":[{"href":"http:\/\/www.motoclubdegoult.fr\/index.php?rest_route=\/wp\/v2\/types\/page"}],"author":[{"embeddable":true,"href":"http:\/\/www.motoclubdegoult.fr\/index.php?rest_route=\/wp\/v2\/users\/1"}],"replies":[{"embeddable":true,"href":"http:\/\/www.motoclubdegoult.fr\/index.php?rest_route=%2Fwp%2Fv2%2Fcomments&post=421"}],"version-history":[{"count":19,"href":"http:\/\/www.motoclubdegoult.fr\/index.php?rest_route=\/wp\/v2\/pages\/421\/revisions"}],"predecessor-version":[{"id":696,"href":"http:\/\/www.motoclubdegoult.fr\/index.php?rest_route=\/wp\/v2\/pages\/421\/revisions\/696"}],"wp:attachment":[{"href":"http:\/\/www.motoclubdegoult.fr\/index.php?rest_route=%2Fwp%2Fv2%2Fmedia&parent=421"}],"curies":[{"name":"wp","href":"https:\/\/api.w.org\/{rel}","templated":true}]}}

<p>&nbsp;</p>
<p><strong><span style="color: #dd8500;"><span style="color: #ff6600;">UN PEU D&rsquo;HISTOIRE &#8230;</span><br />
</span></strong></p>
<p align="justify"><span style="font-size: medium;">Un groupe de collègues quadeurs avec la complicité d&rsquo;un ancien pilote de motocross ont contribué à la création de la Section Randonnée Quads du Moto Club de Goult après avoir obtenu le consentement du Président et du bureau de l&rsquo;a</span><span style="font-size: medium;">ssociation. </span></p>
<p align="justify"><span style="font-size: medium;">La Section Randonnée Quads a été mise en place au cours de l&rsquo;année 2006. Depuis cette date, elle organise des randonnées sous la forme d&rsquo;un petit groupe de 5 à 10 quads.</span></p>
<table class=" aligncenter" style="width: 800px; height: 300px; background-color: #ededed; border-color: #ffffff;" border="0" cellspacing="0" cellpadding="0">
<tbody>
<tr>
<td style="width: 408.75px;"><a href="http://www.motoclubdegoult.fr/wp-content/uploads/2018/02/Photos-Scan-M-C-G-134.jpg"><img loading="lazy" decoding="async" class="aligncenter size-medium wp-image-673" src="http://www.motoclubdegoult.fr/wp-content/uploads/2018/02/Photos-Scan-M-C-G-134-300x199.jpg" alt="" width="300" height="199" srcset="http://www.motoclubdegoult.fr/wp-content/uploads/2018/02/Photos-Scan-M-C-G-134-300x199.jpg 300w, http://www.motoclubdegoult.fr/wp-content/uploads/2018/02/Photos-Scan-M-C-G-134-768x508.jpg 768w, http://www.motoclubdegoult.fr/wp-content/uploads/2018/02/Photos-Scan-M-C-G-134-1024x678.jpg 1024w" sizes="auto, (max-width: 300px) 100vw, 300px" /></a></td>
<td style="width: 392.25px;"><a href="http://www.motoclubdegoult.fr/wp-content/uploads/2018/02/Photos-Scan-M-C-G-214.jpg"><img loading="lazy" decoding="async" class="aligncenter size-medium wp-image-674" src="http://www.motoclubdegoult.fr/wp-content/uploads/2018/02/Photos-Scan-M-C-G-214-300x203.jpg" alt="" width="300" height="203" srcset="http://www.motoclubdegoult.fr/wp-content/uploads/2018/02/Photos-Scan-M-C-G-214-300x203.jpg 300w, http://www.motoclubdegoult.fr/wp-content/uploads/2018/02/Photos-Scan-M-C-G-214-768x519.jpg 768w, http://www.motoclubdegoult.fr/wp-content/uploads/2018/02/Photos-Scan-M-C-G-214-1024x692.jpg 1024w, http://www.motoclubdegoult.fr/wp-content/uploads/2018/02/Photos-Scan-M-C-G-214.jpg 2039w" sizes="auto, (max-width: 300px) 100vw, 300px" /></a></td>
</tr>
<tr>
<td style="width: 408.75px;" colspan="2"><span style="font-size: 10pt;"><em>En reconnaissance, de 2004 à 2006 un groupe de collègues ont parcouru des milliers de kilomètres sur les chemins des Monts de Vaucluse et dans d&rsquo;autres départements de France.</em></span></td>
</tr>
</tbody>
</table>
<p align="justify"><span style="color: #ff6600;"><strong> </strong></span></p>
<p align="justify"><span style="color: #ff6600;"><strong>LES SORTIES QUADS</strong></span></p>
<p align="justify"><span style="font-size: medium;">L&rsquo;accès aux randonnées est réservé uniquement aux membres du Moto Club à jour de leur cotisation. <strong>Le membre doit posséder un quad de randonnée homologué</strong>.</span></p>
<p align="justify"><span style="font-size: medium; color: #ff6600;"><strong>La randonnée en quad est aussi un loisir accessible aux personnes à mobilité réduite. Il s&rsquo;agit d&rsquo;un moyen de déplacement qui permet à ces personnes de découvrir des endroits de la nature où jusque là ils n&rsquo;avaient pas accès&#8230;</strong> </span></p>
<p align="justify"><span style="font-size: medium;">Les balades se font dans le plus grand respect de la nature et des personnes rencontrées. Les sorties empruntent les routes, les pistes et les chemins de montagne ouverts à la circulation principalement dans les Monts du Vaucluse et les départements limitrophes. La section organise également quelques randonnées dans d&rsquo;autres départements en France. </span></p>
<table class=" aligncenter" style="width: 800px; height: 250px; background-color: #ededed; border-color: #ffffff;" border="0" cellspacing="0" cellpadding="0">
<tbody>
<tr>
<td style="width: 408.75px;"><a href="http://www.motoclubdegoult.fr/wp-content/uploads/2018/02/DSC02023.jpg"><img loading="lazy" decoding="async" class="size-medium wp-image-671 aligncenter" src="http://www.motoclubdegoult.fr/wp-content/uploads/2018/02/DSC02023-300x225.jpg" alt="" width="300" height="225" srcset="http://www.motoclubdegoult.fr/wp-content/uploads/2018/02/DSC02023-300x225.jpg 300w, http://www.motoclubdegoult.fr/wp-content/uploads/2018/02/DSC02023-768x576.jpg 768w, http://www.motoclubdegoult.fr/wp-content/uploads/2018/02/DSC02023-1024x768.jpg 1024w, http://www.motoclubdegoult.fr/wp-content/uploads/2018/02/DSC02023.jpg 2048w" sizes="auto, (max-width: 300px) 100vw, 300px" /></a></td>
<td style="width: 392.25px;"><a href="http://www.motoclubdegoult.fr/wp-content/uploads/2018/02/IMGP0567.jpg"><img loading="lazy" decoding="async" class="aligncenter size-medium wp-image-672" src="http://www.motoclubdegoult.fr/wp-content/uploads/2018/02/IMGP0567-300x225.jpg" alt="" width="300" height="225" srcset="http://www.motoclubdegoult.fr/wp-content/uploads/2018/02/IMGP0567-300x225.jpg 300w, http://www.motoclubdegoult.fr/wp-content/uploads/2018/02/IMGP0567-768x576.jpg 768w, http://www.motoclubdegoult.fr/wp-content/uploads/2018/02/IMGP0567-1024x768.jpg 1024w" sizes="auto, (max-width: 300px) 100vw, 300px" /></a></td>
</tr>
</tbody>
</table>
<p align="justify"><span style="color: #ff6600;"><strong> </strong></span></p>
<p align="justify"><span style="color: #ff6600;"><strong>LES ACTIONS ASSOCIATIVES ET SOLIDAIRES<br />
</strong></span></p>
<p align="justify"><span style="font-size: medium;">La Section Randonnée Quads participe à l&rsquo;organisation des compétitions sportives du Moto Club notamment l&rsquo;Endurance Tout Terrain. Les randonneurs quads viennent en assistance aux pilotes mais sont également en charge des accès et transport des secouristes pour un bon déroulement de la course.</span></p>
<p align="justify"><span style="font-size: medium;">La Section Randonnée Quads est aussi solidaire d&rsquo;autres associations. Elle apporte son soutient :</span></p>
<ul>
<li><span style="font-size: medium;">Aux <strong>Chevaliers de l&rsquo;Onde</strong> pour le nettoyage des Sorgues ou de la Nesque, </span></li>
<li><span style="font-size: medium;">Aux journées d&rsquo;entretien des chemins avec le <strong>CODEVER</strong>, </span></li>
<li><span style="font-size: medium;">A la <strong>Journée de la Forêt du Mont Ventoux</strong>, </span></li>
<li><span style="font-size: medium;">Aux randonnées avec les <strong>Cadets de la Résistance de Gordes</strong> sur les chemins de mémoire du maquis de Gordes, </span></li>
<li><span style="font-size: medium;">Aux randonnées au profit de l&rsquo;AFM dans le cadre du <strong>TELETHON</strong>.</span></li>
</ul>
<p><a href="http://www.motoclubdegoult.fr/wp-content/uploads/2018/01/P1010076.jpg"><img loading="lazy" decoding="async" class="size-large wp-image-383 aligncenter" src="http://www.motoclubdegoult.fr/wp-content/uploads/2018/01/P1010076-1024x683.jpg" alt="" width="800" height="534" srcset="http://www.motoclubdegoult.fr/wp-content/uploads/2018/01/P1010076-1024x683.jpg 1024w, http://www.motoclubdegoult.fr/wp-content/uploads/2018/01/P1010076-300x200.jpg 300w, http://www.motoclubdegoult.fr/wp-content/uploads/2018/01/P1010076-768x512.jpg 768w" sizes="auto, (max-width: 800px) 100vw, 800px" /></a></p>
<p>&nbsp;</p>
<p><span style="color: #ff6600;"><strong>COMMENT REJOINDRE LA SECTION RANDONNÉE QUADS</strong></span></p>
<p align="justify"><span style="font-size: medium;">Dans un premier temps, adressez vous à un responsable de la Section Randonnée Quads. Votre candidature sera ensuite soumise aux dirigeants de la section.</span></p>
<p align="justify"><span style="font-size: medium;">Une fois votre candidature acceptée, vous devrez remplir un bulletin d&rsquo;inscription, signer la charte de bonne conduite et une décharge de responsabilité puis fournir certaines pièces administratives : copie de votre carte d&rsquo;identité, copie de votre permis de conduire,  copie de la carte grise de votre quad, copie de la carte verte d&rsquo;assurance. </span></p>
<p align="justify"><span style="font-size: medium;">En parallèle, vous devrez vous acquitter des cotisations pour la carte d&rsquo;adhésion au Moto Club de Goult.</span></p>
<p align="justify"><span style="font-size: medium;">Après avoir rempli toutes ces formalités, vous pourrez participer aux sorties et serez sollicité pour participer à des actions menées en collaboration avec d&rsquo;autres associations.</span></p>
<p align="justify"><span style="font-size: medium;"><strong>Pour plus de renseignements ou rejoindre la Section Randonnée Quads, contacter ou adresser votre demande de candidature à :</strong></span></p>
<p style="text-align: center;" align="justify"><span style="font-size: medium;"><strong><span style="color: #ff6600;">Ariel ARNAUD – <a style="color: #ff6600;" href="mailto:ariel.arnaud@orange.fr">ariel.arnaud@orange.fr</a> – Portable: 06.85.43.10.88</span></strong></span></p>
<p style="text-align: center;" align="justify"><span style="font-size: medium;"><strong><span style="color: #ff6600;">René COLOU – <a style="color: #ff6600;" href="mailto:reni.colou@orange.fr">reni.colou@orange.fr</a> </span></strong></span></p>
<p><a href="http://www.motoclubdegoult.fr/wp-content/uploads/2018/01/Codever.jpg"><img loading="lazy" decoding="async" class="aligncenter wp-image-443 size-medium" src="http://www.motoclubdegoult.fr/wp-content/uploads/2018/01/Codever-300x176.jpg" alt="" width="300" height="176" srcset="http://www.motoclubdegoult.fr/wp-content/uploads/2018/01/Codever-300x176.jpg 300w, http://www.motoclubdegoult.fr/wp-content/uploads/2018/01/Codever-768x450.jpg 768w, http://www.motoclubdegoult.fr/wp-content/uploads/2018/01/Codever-1024x599.jpg 1024w, http://www.motoclubdegoult.fr/wp-content/uploads/2018/01/Codever.jpg 1083w" sizes="auto, (max-width: 300px) 100vw, 300px" /></a></p>

<p>&nbsp; UN PEU D&rsquo;HISTOIRE &#8230; Un groupe de collègues quadeurs avec la complicité d&rsquo;un ancien pilote de motocross ont contribué</p>
