{"id":241,"date":"2023-12-21T16:43:10","date_gmt":"2023-12-21T15:43:10","guid":{"rendered":"http:\/\/www.motoclubdegoult.fr\/?page_id=241"},"modified":"2025-09-12T18:28:21","modified_gmt":"2025-09-12T17:28:21","slug":"dates-douverture","status":"publish","type":"page","link":"http:\/\/www.motoclubdegoult.fr\/?page_id=241","title":{"rendered":"DATES D&rsquo;OUVERTURE"},"content":{"rendered":"<p><strong><span style=\"color: #dd8500;\">CALENDRIER PR\u00c9VISIONNEL 2025 \u00ab\u00a0CIRCUIT DE LA GARDI\u00a0\u00bb<br \/>\n<\/span><\/strong><\/p>\n<ul>\n<li>Janvier : samedi 4, dimanche 5 <em>**<\/em><\/li>\n<li>F\u00e9vrier : samedi 1, dimanche 2 <em>**<\/em><\/li>\n<li>Mars : samedi 1, dimanche 2 (ferm\u00e9 aux entrainements, comp\u00e9tition de Ligue)<\/li>\n<li>Mars : samedi 8, dimanche 9 (report &#8211; sous r\u00e9serve d&rsquo;autorisation)<\/li>\n<li>Avril : ferm\u00e9<\/li>\n<li>Mai : ferm\u00e9<\/li>\n<li>Juin : ferm\u00e9<\/li>\n<li>Juillet : ferm\u00e9<\/li>\n<li>Ao\u00fbt : ferm\u00e9<\/li>\n<li>Septembre : samedi 20 , dimanche 21 <del>(sous r\u00e9serve d&rsquo;autorisation &#8211; risque incendie)<\/del> : <span style=\"color: #000000;\"><strong>FERMETURE TRAVAUX<\/strong><\/span><\/li>\n<li>Octobre : samedi 4 , dimanche 5 : <strong>FERMETURE TRAVAUX<\/strong><\/li>\n<li>Novembre : samedi 1, dimanche 2 (sous r\u00e9serve \u00e9volution des travaux)<\/li>\n<li>D\u00e9cembre : samedi 6, dimanche 7<em><br \/>\n<\/em><\/li>\n<\/ul>\n<p><em>** Ouverture aux entrainements avec mise en place de \u00ab\u00a0Sessions\u00a0\u00bb sp\u00e9cifiques (Motos, Kids, Quads) par le club.<\/em><\/p>\n<p><strong><span style=\"color: #dd8500;\">RAPPELS DES CONDITIONS G\u00c9N\u00c9RALES<br \/>\n<\/span><\/strong><\/p>\n<p>D&rsquo;une mani\u00e8re g\u00e9n\u00e9rale, <strong>le circuit est ouvert le 1er weekend de chaque mois<\/strong>, \u00e0 l&rsquo;exception de la p\u00e9riode estivale (risque incendie) et du mois de septembre (3eme weekend). Les dates pr\u00e9visionnelles sont susceptibles de modification, voire d&rsquo;annulation conform\u00e9ment au r\u00e8glement int\u00e9rieur. En cas d&rsquo;intemp\u00e9ries et d&rsquo;impraticabilit\u00e9 du terrain, l&rsquo;ouverture peut \u00eatre report\u00e9e au weekend suivant sous r\u00e9serve de validation par les autorit\u00e9s publiques.<\/p>\n<p><strong><span style=\"background-color: #ffcc99;\">Dans tous les cas, les pilotes doivent s&rsquo;assurer de l&rsquo;ouverture du circuit aupr\u00e8s du Moto Club. Ils disposent pour cela du site internet et des r\u00e9seaux sociaux du club : Facebook (Mc Goult), Instagram (motoclubdegoult).<\/span><\/strong><\/p>\n<p>Le circuit est ouvert le<strong> samedi de 14h \u00e0 18h<\/strong> ainsi que le <strong>dimanche de 9h \u00e0 12h et de 14h \u00e0 18h<\/strong>. Le roulage peut \u00eatre encadr\u00e9 au travers de sessions d&rsquo;entrainements de 20 minutes selon le nombre de pilotes et le type de machine (65cc-85cc \/ 125cc-250cc-450cc \/ Quad \/ Vintage).<\/p>\n<p>Le circuit est accessible aux <strong>pilotes licenci\u00e9s FFM<\/strong>. Les pilotes doivent \u00eatre en <strong>conformit\u00e9 avec les r\u00e8glements FFM<\/strong> : bruit, protections environnementales, extincteur &#8230; (contr\u00f4le \u00e0 l&rsquo;entr\u00e9e du circuit).<\/p>\n<p>Chaque pilote doit s&rsquo;acquitter d<strong>&lsquo;un droit d&rsquo;entr\u00e9e<\/strong> sur le circuit.<\/p>\n<p><span style=\"background-color: #ffffff; color: #ff0000;\"><strong>A compter du 1er janvier 2024, le droit d&rsquo;entr\u00e9e au circuit de La Gardi \u00e9volue. Cette \u00e9volution des conditions d&rsquo;acc\u00e8s et de pratiques se justifie par la mise en \u0153uvre par le moto club d&rsquo;actions favorables au d\u00e9veloppement durable de ses activit\u00e9s.<\/strong><\/span><\/p>\n<p><span style=\"background-color: #ffffff; color: #ff0000;\"><strong> <span style=\"color: #000000; background-color: #ffcc99;\">D\u00e9sormais, le droit d&rsquo;entr\u00e9e* est compos\u00e9 du \u00ab\u00a0droit d&rsquo;acc\u00e8s piste\u00a0\u00bb auquel s&rsquo;additionne une \u00ab\u00a0participation carbone\u00a0\u00bb** :<\/span><\/strong><\/span><\/p>\n<p><span style=\"color: #ff0000;\">&#8211; le samedi : 11\u20ac (10\u20ac de droit d&rsquo;acc\u00e8s piste + 1\u20ac de participation carbone)<\/span><\/p>\n<p><span style=\"color: #ff0000;\">&#8211; le dimanche : 21\u20ac (20\u20ac de droit d&rsquo;acc\u00e8s piste + 1\u20ac de participation carbone)<\/span><\/p>\n<p><span style=\"color: #ff0000;\"><em>* Un pilote roulant le samedi et le dimanche devra donc s&rsquo;acquitter d&rsquo;une <\/em><em>somme de 32\u20ac (30\u20ac de droit d&rsquo;entr\u00e9e + 2\u20ac de participation carbone).<\/em><\/span><\/p>\n<p><span style=\"color: #ff0000;\">** La participation carbone a pour objectif de rendre durable la pratique motocycliste et d&rsquo;ancrer le moto club dans une dynamique de responsabilit\u00e9 soci\u00e9tale (financements d&rsquo;actions de compensation des \u00e9missions de gaz \u00e0 effet de serre produites par les activit\u00e9s du moto club).<\/span><\/p>\n<p><strong>Il est interdit de camper sur le circuit dans la nuit du samedi au dimanche (camping car, caravane, tente &#8230;)<\/strong>. Le site doit \u00eatre lib\u00e9r\u00e9 le samedi soir apr\u00e8s les entrainements.<\/p>\n","protected":false},"excerpt":{"rendered":"<p>CALENDRIER PR\u00c9VISIONNEL 2025 \u00ab\u00a0CIRCUIT DE LA GARDI\u00a0\u00bb Janvier : samedi 4, dimanche 5 ** F\u00e9vrier : samedi 1, dimanche 2<\/p>\n","protected":false},"author":1,"featured_media":0,"parent":0,"menu_order":0,"comment_status":"closed","ping_status":"closed","template":"","meta":{"footnotes":""},"class_list":["post-241","page","type-page","status-publish","hentry"],"_links":{"self":[{"href":"http:\/\/www.motoclubdegoult.fr\/index.php?rest_route=\/wp\/v2\/pages\/241","targetHints":{"allow":["GET"]}}],"collection":[{"href":"http:\/\/www.motoclubdegoult.fr\/index.php?rest_route=\/wp\/v2\/pages"}],"about":[{"href":"http:\/\/www.motoclubdegoult.fr\/index.php?rest_route=\/wp\/v2\/types\/page"}],"author":[{"embeddable":true,"href":"http:\/\/www.motoclubdegoult.fr\/index.php?rest_route=\/wp\/v2\/users\/1"}],"replies":[{"embeddable":true,"href":"http:\/\/www.motoclubdegoult.fr\/index.php?rest_route=%2Fwp%2Fv2%2Fcomments&post=241"}],"version-history":[{"count":25,"href":"http:\/\/www.motoclubdegoult.fr\/index.php?rest_route=\/wp\/v2\/pages\/241\/revisions"}],"predecessor-version":[{"id":1226,"href":"http:\/\/www.motoclubdegoult.fr\/index.php?rest_route=\/wp\/v2\/pages\/241\/revisions\/1226"}],"wp:attachment":[{"href":"http:\/\/www.motoclubdegoult.fr\/index.php?rest_route=%2Fwp%2Fv2%2Fmedia&parent=241"}],"curies":[{"name":"wp","href":"https:\/\/api.w.org\/{rel}","templated":true}]}}

<p><strong><span style="color: #dd8500;">CALENDRIER PRÉVISIONNEL 2025 « CIRCUIT DE LA GARDI »<br />
</span></strong></p>
<ul>
<li>Janvier : samedi 4, dimanche 5 <em>**</em></li>
<li>Février : samedi 1, dimanche 2 <em>**</em></li>
<li>Mars : samedi 1, dimanche 2 (fermé aux entrainements, compétition de Ligue)</li>
<li>Mars : samedi 8, dimanche 9 (report &#8211; sous réserve d&rsquo;autorisation)</li>
<li>Avril : fermé</li>
<li>Mai : fermé</li>
<li>Juin : fermé</li>
<li>Juillet : fermé</li>
<li>Août : fermé</li>
<li>Septembre : samedi 20 , dimanche 21 <del>(sous réserve d&rsquo;autorisation &#8211; risque incendie)</del> : <span style="color: #000000;"><strong>FERMETURE TRAVAUX</strong></span></li>
<li>Octobre : samedi 4 , dimanche 5 : <strong>FERMETURE TRAVAUX</strong></li>
<li>Novembre : samedi 1, dimanche 2 (sous réserve évolution des travaux)</li>
<li>Décembre : samedi 6, dimanche 7<em><br />
</em></li>
</ul>
<p><em>** Ouverture aux entrainements avec mise en place de « Sessions » spécifiques (Motos, Kids, Quads) par le club.</em></p>
<p><strong><span style="color: #dd8500;">RAPPELS DES CONDITIONS GÉNÉRALES<br />
</span></strong></p>
<p>D&rsquo;une manière générale, <strong>le circuit est ouvert le 1er weekend de chaque mois</strong>, à l&rsquo;exception de la période estivale (risque incendie) et du mois de septembre (3eme weekend). Les dates prévisionnelles sont susceptibles de modification, voire d&rsquo;annulation conformément au règlement intérieur. En cas d&rsquo;intempéries et d&rsquo;impraticabilité du terrain, l&rsquo;ouverture peut être reportée au weekend suivant sous réserve de validation par les autorités publiques.</p>
<p><strong><span style="background-color: #ffcc99;">Dans tous les cas, les pilotes doivent s&rsquo;assurer de l&rsquo;ouverture du circuit auprès du Moto Club. Ils disposent pour cela du site internet et des réseaux sociaux du club : Facebook (Mc Goult), Instagram (motoclubdegoult).</span></strong></p>
<p>Le circuit est ouvert le<strong> samedi de 14h à 18h</strong> ainsi que le <strong>dimanche de 9h à 12h et de 14h à 18h</strong>. Le roulage peut être encadré au travers de sessions d&rsquo;entrainements de 20 minutes selon le nombre de pilotes et le type de machine (65cc-85cc / 125cc-250cc-450cc / Quad / Vintage).</p>
<p>Le circuit est accessible aux <strong>pilotes licenciés FFM</strong>. Les pilotes doivent être en <strong>conformité avec les règlements FFM</strong> : bruit, protections environnementales, extincteur &#8230; (contrôle à l&rsquo;entrée du circuit).</p>
<p>Chaque pilote doit s&rsquo;acquitter d<strong>&lsquo;un droit d&rsquo;entrée</strong> sur le circuit.</p>
<p><span style="background-color: #ffffff; color: #ff0000;"><strong>A compter du 1er janvier 2024, le droit d&rsquo;entrée au circuit de La Gardi évolue. Cette évolution des conditions d&rsquo;accès et de pratiques se justifie par la mise en œuvre par le moto club d&rsquo;actions favorables au développement durable de ses activités.</strong></span></p>
<p><span style="background-color: #ffffff; color: #ff0000;"><strong> <span style="color: #000000; background-color: #ffcc99;">Désormais, le droit d&rsquo;entrée* est composé du « droit d&rsquo;accès piste » auquel s&rsquo;additionne une « participation carbone »** :</span></strong></span></p>
<p><span style="color: #ff0000;">&#8211; le samedi : 11€ (10€ de droit d&rsquo;accès piste + 1€ de participation carbone)</span></p>
<p><span style="color: #ff0000;">&#8211; le dimanche : 21€ (20€ de droit d&rsquo;accès piste + 1€ de participation carbone)</span></p>
<p><span style="color: #ff0000;"><em>* Un pilote roulant le samedi et le dimanche devra donc s&rsquo;acquitter d&rsquo;une </em><em>somme de 32€ (30€ de droit d&rsquo;entrée + 2€ de participation carbone).</em></span></p>
<p><span style="color: #ff0000;">** La participation carbone a pour objectif de rendre durable la pratique motocycliste et d&rsquo;ancrer le moto club dans une dynamique de responsabilité sociétale (financements d&rsquo;actions de compensation des émissions de gaz à effet de serre produites par les activités du moto club).</span></p>
<p><strong>Il est interdit de camper sur le circuit dans la nuit du samedi au dimanche (camping car, caravane, tente &#8230;)</strong>. Le site doit être libéré le samedi soir après les entrainements.</p>

<p>CALENDRIER PRÉVISIONNEL 2025 « CIRCUIT DE LA GARDI » Janvier : samedi 4, dimanche 5 ** Février : samedi 1, dimanche 2</p>
